?
False
Is 1902583 prime?
False
Is 4856969 a composite number?
True
Is 4627817 prime?
True
Is 84670309 prime?
False
Is 1483927 a composite number?
False
Is 1987411 a prime number?
True
Is 2858803 prime?
True
Is 157809407 a prime number?
False
Is 350232083 a prime number?
False
Is 1342049 composite?
False
Is 24074 composite?
True
Is 14038879 a prime number?
True
Is 18471281 prime?
True
Is 10039559 composite?
False
Is 2197325863 composite?
False
Is 1550935 a composite number?
True
Is 5403257 a composite number?
False
Is 26660279 a composite number?
True
Is 7680623 prime?
False
Is 19464293 a prime number?
True
Is 81829299 a composite number?
True
Is 15256138 composite?
True
Is 6304147 prime?
True
Is 24352437 prime?
False
Is 14547437 a prime number?
False
Is 429614 a prime number?
False
Is 153058283 prime?
False
Is 107325451 a composite number?
False
Is 18343361 composite?
False
Is 9333329 composite?
True
Is 44746291 prime?
False
Is 33368821 prime?
False
Is 3703141 composite?
True
Is 180749 a composite number?
False
Is 1221101 composite?
True
Is 147212237 a composite number?
True
Is 94117073 composite?
False
Is 16655183 a composite number?
True
Is 8392939 a prime number?
False
Is 1476757 composite?
True
Is 354247 a composite number?
False
Is 45031022 composite?
True
Is 210639389 a composite number?
True
Is 29800613 composite?
True
Is 148853 prime?
True
Is 407515205 prime?
False
Is 46821223 a composite number?
False
Is 1186111 composite?
False
Is 12932837 composite?
True
Is 95527 prime?
True
Is 25993157 a composite number?
False
Is 560152059 composite?
True
Is 3540893 a composite number?
False
Is 255981073 a composite number?
True
Is 2939591 a composite number?
False
Is 19203937 a prime number?
True
Is 15642937 prime?
True
Is 13286733 composite?
True
Is 14745307 a composite number?
True
Is 2955565 a prime number?
False
Is 15340597 a prime number?
True
Is 24844217 a composite number?
False
Is 6963371 a composite number?
False
Is 992402141 a composite number?
False
Is 20400197 composite?
False
Is 79952786 composite?
True
Is 1115663897 a prime number?
True
Is 7381119 prime?
False
Is 8770063 prime?
True
Is 5480557 prime?
True
Is 614377 prime?
True
Is 139401437 a prime number?
False
Is 47321111 prime?
True
Is 1756897 a prime number?
False
Is 15203635 a composite number?
True
Is 26259401 composite?
True
Is 16643143 a composite number?
True
Is 545664881 composite?
False
Is 165069197 composite?
True
Is 87005411 prime?
False
Is 1404211 prime?
True
Is 837129017 a prime number?
True
Is 31953457 a composite number?
False
Is 7441867 composite?
False
Is 682901 a composite number?
False
Is 3076991 a composite number?
False
Is 81216833 prime?
True
Is 4219454 a prime number?
False
Is 58200647 a prime number?
True
Is 363829787 a composite number?
False
Is 24395803 a composite number?
False
Is 27938741 a prime number?
True
Is 380304217 prime?
False
Is 222059 a prime number?
True
Is 4123221 composite?
True
Is 18956114 composite?
True
Is 19903157 a prime number?
False
Is 9808309 a composite number?
True
Is 764028109 composite?
True
Is 11246659 prime?
True
Is 86061685 a prime number?
False
Is 188001785 a prime number?
False
Is 207819357 composite?
True
Is 15580537 composite?
True
Is 398274101 composite?
False
Is 54404283 a composite number?
True
Is 9330974 a prime number?
False
Is 171018717 prime?
False
Is 15575881 a prime number?
False
Is 41186311 a prime number?
True
Is 2118245 composite?
True
Is 150511 prime?
False
Is 307468267 prime?
False
Is 84689069 a composite number?
True
Is 10451317 a prime number?
True
Is 1430479 prime?
True
Is 68437661 prime?
True
Is 79091669 prime?
True
Is 114615407 a composite number?
False
Is 13293781 composite?
True
Is 1881031 composite?
False
Is 126080027 prime?
True
Is 6940093 a prime number?
False
Is 794763251 prime?
True
Is 33765377 prime?
False
Is 35259673 a composite number?
False
Is 24418423 composite?
False
Is 5377861 composite?
False
Is 19417003 a prime number?
True
Is 92655211 a prime number?
False
Is 9693869 composite?
True
Is 274367843 prime?
False
Is 5492351 composite?
False
Is 6487647 a prime number?
False
Is 161551537 a composite number?
True
Is 919579 prime?
False
Is 617833 a prime number?
False
Is 243706237 a composite number?
True
Is 138904342 prime?
False
Is 781321577 composite?
False
Is 22068611 prime?
False
Is 572023 composite?
False
Is 788143709 a composite number?
True
Is 4986767 a prime number?
True
Is 4840603 prime?
False
Is 9287813 prime?
True
Is 730087829 prime?
True
Is 20507793 prime?
False
Is 1316699 composite?
False
Is 2955143 a composite number?
True
Is 31389115 a prime number?
False
Is 100477411 composite?
False
Is 2390821 a prime number?
False
Is 2083681 prime?
True
Is 134399311 a prime number?
False
Is 44435 composite?
True
Is 3364441 a composite number?
False
Is 23627519 a composite number?
True
Is 45238163 a prime number?
True
Is 74571191 prime?
True
Is 62802457 prime?
False
Is 847997 a composite number?
False
Is 540916883 a prime number?
False
Is 33443009 a prime number?
True
Is 65696845 prime?
False
Is 190459861 a prime number?
True
Is 33769621 a composite number?
False
Is 4875097 a composite number?
False
Is 556250257 a prime number?
True
Is 294383 composite?
False
Is 865749 a prime number?
False
Is 24477667 a prime number?
True
Is 512951 a prime number?
False
Is 299542921 prime?
True
Is 1883733 a composite number?
True
Is 6011899 prime?
True
Is 10835689 a composite number?
True
Is 8609267 a composite number?
True
Is 131993 a composite number?
True
Is 43330501 a prime number?
False
Is 11230069 composite?
False
Is 41609959 a prime number?
True
Is 152135 composite?
True
Is 7351039 a prime number?
False
Is 2549978 a prime number?
False
Is 7040263 composite?
False
Is 584447 prime?
True
Is 129531434 a composite number?
True
Is 507098393 prime?
False
Is 3416021 a composite number?
True
Is 222767 a composite number?
True
Is 4365111 a composite number?
True
Is 539485517 a composite number?
False
Is 1672603 composite?
False
Is 62602217 a composite number?
False
Is 279922655 a prime number?
False
Is 5939333 a prime number?
True
Is 3498227 composite?
True
Is 12029819 a prime number?
True
Is 464797403 composite?
True
Is 485453443 a prime number?
True
Is 24041257 a composite number?
True
Is 84216089 prime?
True
Is 17561251 a prime number?
True
Is 691224227 composite?
True
Is 616703 prime?
True
Is 752033 prime?
True
Is 37318733 composite?
True
Is 376409203 composite?
True
Is 22194049 prime?
False
Is 6019771 composite?
False
Is 78251119 a prime number?
False
Is 539583371 a composite number?
False
Is 4253651 composite?
False
Is 2308883 a composite number?
False
Is 11963891 a composite number?
False
Is 2249363 prime?
True
Is 2030537 composite?
True
Is 715019 a prime number?
True
Is 839980763 a composite number?
False
Is 8016587 prime?
True
Is 119811521 prime?
True
Is 16476017 a composite number?
False
Is 30658993 a prime number?
False
Is 14178121 prime?
False
Is 16194533 composite?
True
Is 86848703 prime?
False
Is 1385473 a prime number?
False
Is 13601977 a prime number?
False
Is 26353153 prime?
True
Is 689774 prime?
False
Is 423601 a prime number?
True
Is 12222139 a prime number?
False
Is 2886095 composite?
True
Is 793518941 prime?
True
Is 1569749 composite?
False
Is 1034381 a composite number?
False
Is 5194909 a composite number?
True
Is 1101403 a prime number?
True
Is 1384681 a composite number?
True
Is 315284039 a composite number?
True
Is 290356034 composite?
True
Is 617189 composite?
False
Is 23220241 a composite number?
True
Is 62980259 a composite number?
True
Is 5883107 composite?
False
Is 866161 composite?
False
Is 311208693 composite?
True
Is 41083027 composite?
False
Is 682901 prime?
True
Is 509833 a composite number?
False
Is 249367 a composite number?
False
Is 3187241 a prime number?
True
Is 99697 prime?
False
Is 15645373 a composite number?
True
Is 6559043 a composite number?
True
Is 16225921 composite?
True
Is 409559 prime?
False
Is 3952453 a prime number?
True
Is 152179861 a prime number?
True
Is 7615571 composite?
False
Is 3910597 prime?
True
Is 11094701 composite?
True
Is 1379251 a prime number?
True
Is 14465141 a composite number?
False
Is 22155657 composite?
True
Is 371599 a prime number?
Fa